{"id":94,"date":"2023-10-29T15:22:55","date_gmt":"2023-10-29T14:22:55","guid":{"rendered":"https:\/\/drevomall.cz\/?page_id=94"},"modified":"2024-04-16T14:29:14","modified_gmt":"2024-04-16T12:29:14","slug":"domov","status":"publish","type":"page","link":"http:\/\/drevomall.cz\/","title":{"rendered":"Domov"},"content":{"rendered":"\n<div class=\"wp-block-carousel-slider-slider\"><div class=\"carousel-slider-outer carousel-slider-outer-image-carousel carousel-slider-outer-391\" style=\"--carousel-slider-nav-color:rgb(129,215,66);--carousel-slider-active-nav-color:#00d1b2;--carousel-slider-arrow-size:48px;--carousel-slider-bullet-size:10px\">\n<div id=\"&#039;id-391\" class=\"carousel-slider carousel-slider-391 arrows-visibility-hover dots-visibility-hover arrows-outside dots-center dots-square owl-carousel\" data-slide-type=\"image-carousel\" data-owl-settings='{\"nav\":true,\"dots\":true,\"slideBy\":1,\"stagePadding\":0,\"margin\":10,\"loop\":true,\"lazyLoad\":false,\"autoplay\":true,\"autoplayTimeout\":5000,\"autoplaySpeed\":500,\"autoplayHoverPause\":false,\"autoWidth\":true,\"responsive\":{\"300\":{\"items\":1},\"576\":{\"items\":2},\"768\":{\"items\":2},\"1024\":{\"items\":3},\"1280\":{\"items\":4},\"1536\":{\"items\":5}}}'>\n<div class=\"carousel-slider__item\">\n\t<img loading=\"lazy\" decoding=\"async\" width=\"768\" height=\"230\" src=\"http:\/\/drevomall.cz\/wp-content\/uploads\/2025\/10\/Drevomall-carousel-Brikety-17.10.2025-768x230.jpg\" class=\"attachment-medium_large size-medium_large\" alt=\"\" srcset=\"http:\/\/drevomall.cz\/wp-content\/uploads\/2025\/10\/Drevomall-carousel-Brikety-17.10.2025-768x230.jpg 768w, http:\/\/drevomall.cz\/wp-content\/uploads\/2025\/10\/Drevomall-carousel-Brikety-17.10.2025-300x90.jpg 300w, http:\/\/drevomall.cz\/wp-content\/uploads\/2025\/10\/Drevomall-carousel-Brikety-17.10.2025-1024x307.jpg 1024w, http:\/\/drevomall.cz\/wp-content\/uploads\/2025\/10\/Drevomall-carousel-Brikety-17.10.2025-1536x461.jpg 1536w, http:\/\/drevomall.cz\/wp-content\/uploads\/2025\/10\/Drevomall-carousel-Brikety-17.10.2025-2048x614.jpg 2048w\" sizes=\"(max-width: 768px) 100vw, 768px\" \/><\/a><\/div>\n\n<div class=\"carousel-slider__item\">\n\t<img loading=\"lazy\" decoding=\"async\" width=\"768\" height=\"230\" src=\"http:\/\/drevomall.cz\/wp-content\/uploads\/2025\/10\/Drevomall-carousel-Drevo-17.10.2025-768x230.jpg\" class=\"attachment-medium_large size-medium_large\" alt=\"\" srcset=\"http:\/\/drevomall.cz\/wp-content\/uploads\/2025\/10\/Drevomall-carousel-Drevo-17.10.2025-768x230.jpg 768w, http:\/\/drevomall.cz\/wp-content\/uploads\/2025\/10\/Drevomall-carousel-Drevo-17.10.2025-300x90.jpg 300w, http:\/\/drevomall.cz\/wp-content\/uploads\/2025\/10\/Drevomall-carousel-Drevo-17.10.2025-1024x307.jpg 1024w, http:\/\/drevomall.cz\/wp-content\/uploads\/2025\/10\/Drevomall-carousel-Drevo-17.10.2025-1536x461.jpg 1536w, http:\/\/drevomall.cz\/wp-content\/uploads\/2025\/10\/Drevomall-carousel-Drevo-17.10.2025-2048x614.jpg 2048w\" sizes=\"(max-width: 768px) 100vw, 768px\" \/><\/a><\/div>\n\n<div class=\"carousel-slider__item\">\n\t<img loading=\"lazy\" decoding=\"async\" width=\"768\" height=\"230\" src=\"http:\/\/drevomall.cz\/wp-content\/uploads\/2025\/10\/Drevomall-carousel-Pelety-17.10.2025-768x230.jpg\" class=\"attachment-medium_large size-medium_large\" alt=\"\" srcset=\"http:\/\/drevomall.cz\/wp-content\/uploads\/2025\/10\/Drevomall-carousel-Pelety-17.10.2025-768x230.jpg 768w, http:\/\/drevomall.cz\/wp-content\/uploads\/2025\/10\/Drevomall-carousel-Pelety-17.10.2025-300x90.jpg 300w, http:\/\/drevomall.cz\/wp-content\/uploads\/2025\/10\/Drevomall-carousel-Pelety-17.10.2025-1024x307.jpg 1024w, http:\/\/drevomall.cz\/wp-content\/uploads\/2025\/10\/Drevomall-carousel-Pelety-17.10.2025-1536x461.jpg 1536w, http:\/\/drevomall.cz\/wp-content\/uploads\/2025\/10\/Drevomall-carousel-Pelety-17.10.2025-2048x614.jpg 2048w\" sizes=\"(max-width: 768px) 100vw, 768px\" \/><\/a><\/div>\n\n<\/div><!-- .carousel-slider-391 -->\n<\/div><!-- .carousel-slider-outer-391 -->\n<\/div>\n\n\n\n<div class=\"wp-block-group alignfull\"><div class=\"wp-block-group__inner-container is-layout-constrained wp-block-group-is-layout-constrained\">\n<div class=\"wp-block-cover alignfull is-light\" style=\"padding-top:var(--wp--preset--spacing--30);padding-right:var(--wp--preset--spacing--30);padding-bottom:var(--wp--preset--spacing--30);padding-left:var(--wp--preset--spacing--30);min-height:50px;aspect-ratio:unset;\"><span aria-hidden=\"true\" class=\"wp-block-cover__background has-white-background-color has-background-dim-80 has-background-dim\"><\/span><img loading=\"lazy\" decoding=\"async\" width=\"2560\" height=\"768\" class=\"wp-block-cover__image-background wp-image-139\" alt=\"\" src=\"http:\/\/drevomall.cz\/wp-content\/uploads\/2023\/10\/drevo-do-hlavicky-scaled.jpg\" data-object-fit=\"cover\" srcset=\"http:\/\/drevomall.cz\/wp-content\/uploads\/2023\/10\/drevo-do-hlavicky-scaled.jpg 2560w, http:\/\/drevomall.cz\/wp-content\/uploads\/2023\/10\/drevo-do-hlavicky-300x90.jpg 300w, http:\/\/drevomall.cz\/wp-content\/uploads\/2023\/10\/drevo-do-hlavicky-1024x307.jpg 1024w, http:\/\/drevomall.cz\/wp-content\/uploads\/2023\/10\/drevo-do-hlavicky-768x230.jpg 768w, http:\/\/drevomall.cz\/wp-content\/uploads\/2023\/10\/drevo-do-hlavicky-1536x461.jpg 1536w, http:\/\/drevomall.cz\/wp-content\/uploads\/2023\/10\/drevo-do-hlavicky-2048x614.jpg 2048w\" sizes=\"(max-width: 2560px) 100vw, 2560px\" \/><div class=\"wp-block-cover__inner-container is-layout-flow wp-block-cover-is-layout-flow\">\n<div class=\"wp-block-group alignwide has-base-color has-text-color has-link-color wp-elements-1790e89b6dc7008b9772a4d007cd6132 is-content-justification-space-between is-layout-flex wp-container-core-group-is-layout-2 wp-block-group-is-layout-flex\" style=\"margin-top:0;margin-bottom:0\">\n<div class=\"wp-block-group is-layout-flex wp-block-group-is-layout-flex\">\n<figure class=\"wp-block-image size-full is-resized\"><img loading=\"lazy\" decoding=\"async\" width=\"512\" height=\"512\" src=\"http:\/\/drevomall.cz\/wp-content\/uploads\/2023\/10\/cropped-cropped-cropped-drevomall-logo-bez-pozadia.png\" alt=\"\" class=\"wp-image-22\" style=\"width:335px;height:auto\" srcset=\"http:\/\/drevomall.cz\/wp-content\/uploads\/2023\/10\/cropped-cropped-cropped-drevomall-logo-bez-pozadia.png 512w, http:\/\/drevomall.cz\/wp-content\/uploads\/2023\/10\/cropped-cropped-cropped-drevomall-logo-bez-pozadia-300x300.png 300w, http:\/\/drevomall.cz\/wp-content\/uploads\/2023\/10\/cropped-cropped-cropped-drevomall-logo-bez-pozadia-150x150.png 150w, http:\/\/drevomall.cz\/wp-content\/uploads\/2023\/10\/cropped-cropped-cropped-drevomall-logo-bez-pozadia-270x270.png 270w, http:\/\/drevomall.cz\/wp-content\/uploads\/2023\/10\/cropped-cropped-cropped-drevomall-logo-bez-pozadia-192x192.png 192w, http:\/\/drevomall.cz\/wp-content\/uploads\/2023\/10\/cropped-cropped-cropped-drevomall-logo-bez-pozadia-180x180.png 180w, http:\/\/drevomall.cz\/wp-content\/uploads\/2023\/10\/cropped-cropped-cropped-drevomall-logo-bez-pozadia-32x32.png 32w\" sizes=\"(max-width: 512px) 100vw, 512px\" \/><\/figure>\n<\/div>\n\n\n\n<ul class=\"wp-block-list\">\n<li style=\"font-style:italic;font-weight:700\" class=\"has-large-font-size\">LEVN\u00c1 DOPRAVA &#8211; ZUB\u0158\u00cd ZDARMA<\/li>\n\n\n\n<li style=\"font-style:italic;font-weight:700\" class=\"has-large-font-size\">VLASTN\u00cd AUTA S HYDRAULIKOU<\/li>\n\n\n\n<li style=\"font-style:italic;font-weight:700\" class=\"has-large-font-size\">PR\u00c9MIOV\u00c1 KVALITA ZA P\u0158IJATELNE CENY<\/li>\n\n\n\n<li style=\"font-style:italic;font-weight:700\" class=\"has-large-font-size\">MO\u017dNOST VELKOODB\u011aRU<\/li>\n<\/ul>\n<\/div>\n<\/div><\/div>\n<\/div><\/div>\n","protected":false},"excerpt":{"rendered":"","protected":false},"author":1,"featured_media":0,"parent":0,"menu_order":0,"comment_status":"closed","ping_status":"closed","template":"","meta":{"_monsterinsights_skip_tracking":false,"_monsterinsights_sitenote_active":false,"_monsterinsights_sitenote_note":"","_monsterinsights_sitenote_category":0,"footnotes":""},"class_list":["post-94","page","type-page","status-publish","hentry"],"yoast_head":"<!-- This site is optimized with the Yoast SEO plugin v25.6 - https:\/\/yoast.com\/wordpress\/plugins\/seo\/ -->\n<title>Domov - DREVOMALL.CZ<\/title>\n<meta name=\"robots\" content=\"index, follow, max-snippet:-1, max-image-preview:large, max-video-preview:-1\" \/>\n<link rel=\"canonical\" href=\"https:\/\/drevomall.cz\/\" \/>\n<meta property=\"og:locale\" content=\"sk_SK\" \/>\n<meta property=\"og:type\" content=\"article\" \/>\n<meta property=\"og:title\" content=\"Domov - DREVOMALL.CZ\" \/>\n<meta property=\"og:url\" content=\"https:\/\/drevomall.cz\/\" \/>\n<meta property=\"og:site_name\" content=\"DREVOMALL.CZ\" \/>\n<meta property=\"article:modified_time\" content=\"2024-04-16T12:29:14+00:00\" \/>\n<meta property=\"og:image\" content=\"http:\/\/drevomall.cz\/wp-content\/uploads\/2023\/10\/drevo-do-hlavicky-scaled.jpg\" \/>\n<meta name=\"twitter:card\" content=\"summary_large_image\" \/>\n<script type=\"application\/ld+json\" class=\"yoast-schema-graph\">{\"@context\":\"https:\/\/schema.org\",\"@graph\":[{\"@type\":\"WebPage\",\"@id\":\"https:\/\/drevomall.cz\/\",\"url\":\"https:\/\/drevomall.cz\/\",\"name\":\"Domov - DREVOMALL.CZ\",\"isPartOf\":{\"@id\":\"https:\/\/drevomall.cz\/#website\"},\"primaryImageOfPage\":{\"@id\":\"https:\/\/drevomall.cz\/#primaryimage\"},\"image\":{\"@id\":\"https:\/\/drevomall.cz\/#primaryimage\"},\"thumbnailUrl\":\"http:\/\/drevomall.cz\/wp-content\/uploads\/2023\/10\/drevo-do-hlavicky-scaled.jpg\",\"datePublished\":\"2023-10-29T14:22:55+00:00\",\"dateModified\":\"2024-04-16T12:29:14+00:00\",\"breadcrumb\":{\"@id\":\"https:\/\/drevomall.cz\/#breadcrumb\"},\"inLanguage\":\"sk-SK\",\"potentialAction\":[{\"@type\":\"ReadAction\",\"target\":[\"https:\/\/drevomall.cz\/\"]}]},{\"@type\":\"ImageObject\",\"inLanguage\":\"sk-SK\",\"@id\":\"https:\/\/drevomall.cz\/#primaryimage\",\"url\":\"http:\/\/drevomall.cz\/wp-content\/uploads\/2023\/10\/drevo-do-hlavicky-scaled.jpg\",\"contentUrl\":\"http:\/\/drevomall.cz\/wp-content\/uploads\/2023\/10\/drevo-do-hlavicky-scaled.jpg\",\"width\":2560,\"height\":768,\"caption\":\"D\u0158EVO\"},{\"@type\":\"BreadcrumbList\",\"@id\":\"https:\/\/drevomall.cz\/#breadcrumb\",\"itemListElement\":[{\"@type\":\"ListItem\",\"position\":1,\"name\":\"Domovsk\u00e1 str\u00e1nka\",\"item\":\"https:\/\/drevomall.cz\/\"},{\"@type\":\"ListItem\",\"position\":2,\"name\":\"Domov\"}]},{\"@type\":\"WebSite\",\"@id\":\"https:\/\/drevomall.cz\/#website\",\"url\":\"https:\/\/drevomall.cz\/\",\"name\":\"DREVOMALL.CZ\",\"description\":\"Teplo domova ...\",\"publisher\":{\"@id\":\"https:\/\/drevomall.cz\/#organization\"},\"potentialAction\":[{\"@type\":\"SearchAction\",\"target\":{\"@type\":\"EntryPoint\",\"urlTemplate\":\"https:\/\/drevomall.cz\/?s={search_term_string}\"},\"query-input\":{\"@type\":\"PropertyValueSpecification\",\"valueRequired\":true,\"valueName\":\"search_term_string\"}}],\"inLanguage\":\"sk-SK\"},{\"@type\":\"Organization\",\"@id\":\"https:\/\/drevomall.cz\/#organization\",\"name\":\"DREVOMALL\",\"url\":\"https:\/\/drevomall.cz\/\",\"logo\":{\"@type\":\"ImageObject\",\"inLanguage\":\"sk-SK\",\"@id\":\"https:\/\/drevomall.cz\/#\/schema\/logo\/image\/\",\"url\":\"https:\/\/drevomall.cz\/wp-content\/uploads\/2023\/10\/cropped-cropped-drevomall-logo-bez-pozadia.png\",\"contentUrl\":\"https:\/\/drevomall.cz\/wp-content\/uploads\/2023\/10\/cropped-cropped-drevomall-logo-bez-pozadia.png\",\"width\":512,\"height\":512,\"caption\":\"DREVOMALL\"},\"image\":{\"@id\":\"https:\/\/drevomall.cz\/#\/schema\/logo\/image\/\"}}]}<\/script>\n<!-- \/ Yoast SEO plugin. -->","yoast_head_json":{"title":"Domov - DREVOMALL.CZ","robots":{"index":"index","follow":"follow","max-snippet":"max-snippet:-1","max-image-preview":"max-image-preview:large","max-video-preview":"max-video-preview:-1"},"canonical":"https:\/\/drevomall.cz\/","og_locale":"sk_SK","og_type":"article","og_title":"Domov - DREVOMALL.CZ","og_url":"https:\/\/drevomall.cz\/","og_site_name":"DREVOMALL.CZ","article_modified_time":"2024-04-16T12:29:14+00:00","og_image":[{"url":"http:\/\/drevomall.cz\/wp-content\/uploads\/2023\/10\/drevo-do-hlavicky-scaled.jpg","type":"","width":"","height":""}],"twitter_card":"summary_large_image","schema":{"@context":"https:\/\/schema.org","@graph":[{"@type":"WebPage","@id":"https:\/\/drevomall.cz\/","url":"https:\/\/drevomall.cz\/","name":"Domov - DREVOMALL.CZ","isPartOf":{"@id":"https:\/\/drevomall.cz\/#website"},"primaryImageOfPage":{"@id":"https:\/\/drevomall.cz\/#primaryimage"},"image":{"@id":"https:\/\/drevomall.cz\/#primaryimage"},"thumbnailUrl":"http:\/\/drevomall.cz\/wp-content\/uploads\/2023\/10\/drevo-do-hlavicky-scaled.jpg","datePublished":"2023-10-29T14:22:55+00:00","dateModified":"2024-04-16T12:29:14+00:00","breadcrumb":{"@id":"https:\/\/drevomall.cz\/#breadcrumb"},"inLanguage":"sk-SK","potentialAction":[{"@type":"ReadAction","target":["https:\/\/drevomall.cz\/"]}]},{"@type":"ImageObject","inLanguage":"sk-SK","@id":"https:\/\/drevomall.cz\/#primaryimage","url":"http:\/\/drevomall.cz\/wp-content\/uploads\/2023\/10\/drevo-do-hlavicky-scaled.jpg","contentUrl":"http:\/\/drevomall.cz\/wp-content\/uploads\/2023\/10\/drevo-do-hlavicky-scaled.jpg","width":2560,"height":768,"caption":"D\u0158EVO"},{"@type":"BreadcrumbList","@id":"https:\/\/drevomall.cz\/#breadcrumb","itemListElement":[{"@type":"ListItem","position":1,"name":"Domovsk\u00e1 str\u00e1nka","item":"https:\/\/drevomall.cz\/"},{"@type":"ListItem","position":2,"name":"Domov"}]},{"@type":"WebSite","@id":"https:\/\/drevomall.cz\/#website","url":"https:\/\/drevomall.cz\/","name":"DREVOMALL.CZ","description":"Teplo domova ...","publisher":{"@id":"https:\/\/drevomall.cz\/#organization"},"potentialAction":[{"@type":"SearchAction","target":{"@type":"EntryPoint","urlTemplate":"https:\/\/drevomall.cz\/?s={search_term_string}"},"query-input":{"@type":"PropertyValueSpecification","valueRequired":true,"valueName":"search_term_string"}}],"inLanguage":"sk-SK"},{"@type":"Organization","@id":"https:\/\/drevomall.cz\/#organization","name":"DREVOMALL","url":"https:\/\/drevomall.cz\/","logo":{"@type":"ImageObject","inLanguage":"sk-SK","@id":"https:\/\/drevomall.cz\/#\/schema\/logo\/image\/","url":"https:\/\/drevomall.cz\/wp-content\/uploads\/2023\/10\/cropped-cropped-drevomall-logo-bez-pozadia.png","contentUrl":"https:\/\/drevomall.cz\/wp-content\/uploads\/2023\/10\/cropped-cropped-drevomall-logo-bez-pozadia.png","width":512,"height":512,"caption":"DREVOMALL"},"image":{"@id":"https:\/\/drevomall.cz\/#\/schema\/logo\/image\/"}}]}},"_links":{"self":[{"href":"http:\/\/drevomall.cz\/index.php?rest_route=\/wp\/v2\/pages\/94"}],"collection":[{"href":"http:\/\/drevomall.cz\/index.php?rest_route=\/wp\/v2\/pages"}],"about":[{"href":"http:\/\/drevomall.cz\/index.php?rest_route=\/wp\/v2\/types\/page"}],"author":[{"embeddable":true,"href":"http:\/\/drevomall.cz\/index.php?rest_route=\/wp\/v2\/users\/1"}],"replies":[{"embeddable":true,"href":"http:\/\/drevomall.cz\/index.php?rest_route=%2Fwp%2Fv2%2Fcomments&post=94"}],"version-history":[{"count":6,"href":"http:\/\/drevomall.cz\/index.php?rest_route=\/wp\/v2\/pages\/94\/revisions"}],"predecessor-version":[{"id":402,"href":"http:\/\/drevomall.cz\/index.php?rest_route=\/wp\/v2\/pages\/94\/revisions\/402"}],"wp:attachment":[{"href":"http:\/\/drevomall.cz\/index.php?rest_route=%2Fwp%2Fv2%2Fmedia&parent=94"}],"curies":[{"name":"wp","href":"https:\/\/api.w.org\/{rel}","templated":true}]}}