{"id":48,"date":"2023-10-25T14:01:52","date_gmt":"2023-10-25T12:01:52","guid":{"rendered":"https:\/\/drevomall.cz\/?page_id=48"},"modified":"2024-02-23T09:16:00","modified_gmt":"2024-02-23T08:16:00","slug":"kontakt","status":"publish","type":"page","link":"http:\/\/drevomall.cz\/?page_id=48","title":{"rendered":"Kontakt"},"content":{"rendered":"\n<div class=\"wp-block-columns is-layout-flex wp-container-core-columns-is-layout-1 wp-block-columns-is-layout-flex\">\n<div class=\"wp-block-column is-layout-flow wp-block-column-is-layout-flow\">\n<h2 class=\"wp-block-heading\">Adresa skladu: CZ-756 54 Zub\u0159\u00ed, Randusky (b\u00fdval\u00e1 dr\u016fbe\u017e\u00e1rna)<\/h2>\n<\/div>\n<\/div>\n\n\n\n<h2 class=\"wp-block-heading\">Telefonick\u00fd kontakt: +420 604 637 584<\/h2>\n\n\n\n<h2 class=\"wp-block-heading\">E-mail: info@drevomall.cz<\/h2>\n\n\n   \r\n     <div id=\"simpleMap\" style=\"overflow:hidden; width:75; margin:0 auto; position: relative;\">\r\n        <div class=\"fluid-width-video-wrapper\" style=\"padding-top:1px !important;\">\r\n            <iframe \r\n                src=\"https:\/\/maps.google.com\/maps?q=49.478407,18.080576&hl=en;z=14&amp;output=embed\"\r\n                width=\"100%\"\r\n                frameborder=\"0\"\r\n                title=\"Our Location in google map\"\r\n                style=\"height:650px; width:100%;  padding:0 !important;\"\r\n                allowfullscreen=\"\"\r\n                >\r\n            <\/iframe>\r\n        <\/div>\r\n                <div class=\"simpleMap-info\" \r\n            style=\"position: absolute;\r\n                    top: 11px;\r\n                    left: 11px;\r\n                    z-index: 333;\r\n                    text-align:left;\r\n                    background-color: #fff;\r\n                    padding: 5px 0 0 10px;\r\n                    width:225px;\r\n                    \">\r\n            <span style=\"color: #000; font-size:1rem; font-weight: bold; text-shadow: 2px 5px 10px rgba(0,0,0,0.65);\">\r\n            DREVOMALL.CZ            <\/span> <br>\r\n            <span style=\"font-size:.8rem; line-height:1;\">Randusky, Zub\u0159\u00ed<\/span>\r\n        <\/div>\r\n             <\/div>\r\n    \n","protected":false},"excerpt":{"rendered":"<p>Adresa skladu: CZ-756 54 Zub\u0159\u00ed, Randusky (b\u00fdval\u00e1 dr\u016fbe\u017e\u00e1rna) Telefonick\u00fd kontakt: +420 604 637 584 E-mail: info@drevomall.cz<\/p>\n","protected":false},"author":1,"featured_media":175,"parent":0,"menu_order":0,"comment_status":"closed","ping_status":"closed","template":"","meta":{"_monsterinsights_skip_tracking":false,"_monsterinsights_sitenote_active":false,"_monsterinsights_sitenote_note":"","_monsterinsights_sitenote_category":0,"footnotes":""},"class_list":["post-48","page","type-page","status-publish","has-post-thumbnail","hentry"],"yoast_head":"<!-- This site is optimized with the Yoast SEO plugin v25.6 - https:\/\/yoast.com\/wordpress\/plugins\/seo\/ -->\n<title>Kontakt - DREVOMALL.CZ<\/title>\n<meta name=\"robots\" content=\"index, follow, max-snippet:-1, max-image-preview:large, max-video-preview:-1\" \/>\n<link rel=\"canonical\" href=\"https:\/\/drevomall.cz\/?page_id=48\" \/>\n<meta property=\"og:locale\" content=\"sk_SK\" \/>\n<meta property=\"og:type\" content=\"article\" \/>\n<meta property=\"og:title\" content=\"Kontakt - DREVOMALL.CZ\" \/>\n<meta property=\"og:description\" content=\"Adresa skladu: CZ-756 54 Zub\u0159\u00ed, Randusky (b\u00fdval\u00e1 dr\u016fbe\u017e\u00e1rna) Telefonick\u00fd kontakt: +420 604 637 584 E-mail: info@drevomall.cz\" \/>\n<meta property=\"og:url\" content=\"https:\/\/drevomall.cz\/?page_id=48\" \/>\n<meta property=\"og:site_name\" content=\"DREVOMALL.CZ\" \/>\n<meta property=\"article:modified_time\" content=\"2024-02-23T08:16:00+00:00\" \/>\n<meta property=\"og:image\" content=\"https:\/\/drevomall.cz\/wp-content\/uploads\/2023\/10\/kontakt-do-hlavicky-scaled.jpg\" \/>\n\t<meta property=\"og:image:width\" content=\"2560\" \/>\n\t<meta property=\"og:image:height\" content=\"768\" \/>\n\t<meta property=\"og:image:type\" content=\"image\/jpeg\" \/>\n<meta name=\"twitter:card\" content=\"summary_large_image\" \/>\n<script type=\"application\/ld+json\" class=\"yoast-schema-graph\">{\"@context\":\"https:\/\/schema.org\",\"@graph\":[{\"@type\":\"WebPage\",\"@id\":\"https:\/\/drevomall.cz\/?page_id=48\",\"url\":\"https:\/\/drevomall.cz\/?page_id=48\",\"name\":\"Kontakt - DREVOMALL.CZ\",\"isPartOf\":{\"@id\":\"https:\/\/drevomall.cz\/#website\"},\"primaryImageOfPage\":{\"@id\":\"https:\/\/drevomall.cz\/?page_id=48#primaryimage\"},\"image\":{\"@id\":\"https:\/\/drevomall.cz\/?page_id=48#primaryimage\"},\"thumbnailUrl\":\"http:\/\/drevomall.cz\/wp-content\/uploads\/2023\/10\/kontakt-do-hlavicky-scaled.jpg\",\"datePublished\":\"2023-10-25T12:01:52+00:00\",\"dateModified\":\"2024-02-23T08:16:00+00:00\",\"breadcrumb\":{\"@id\":\"https:\/\/drevomall.cz\/?page_id=48#breadcrumb\"},\"inLanguage\":\"sk-SK\",\"potentialAction\":[{\"@type\":\"ReadAction\",\"target\":[\"https:\/\/drevomall.cz\/?page_id=48\"]}]},{\"@type\":\"ImageObject\",\"inLanguage\":\"sk-SK\",\"@id\":\"https:\/\/drevomall.cz\/?page_id=48#primaryimage\",\"url\":\"http:\/\/drevomall.cz\/wp-content\/uploads\/2023\/10\/kontakt-do-hlavicky-scaled.jpg\",\"contentUrl\":\"http:\/\/drevomall.cz\/wp-content\/uploads\/2023\/10\/kontakt-do-hlavicky-scaled.jpg\",\"width\":2560,\"height\":768},{\"@type\":\"BreadcrumbList\",\"@id\":\"https:\/\/drevomall.cz\/?page_id=48#breadcrumb\",\"itemListElement\":[{\"@type\":\"ListItem\",\"position\":1,\"name\":\"Domovsk\u00e1 str\u00e1nka\",\"item\":\"https:\/\/drevomall.cz\/\"},{\"@type\":\"ListItem\",\"position\":2,\"name\":\"Kontakt\"}]},{\"@type\":\"WebSite\",\"@id\":\"https:\/\/drevomall.cz\/#website\",\"url\":\"https:\/\/drevomall.cz\/\",\"name\":\"DREVOMALL.CZ\",\"description\":\"Teplo domova ...\",\"publisher\":{\"@id\":\"https:\/\/drevomall.cz\/#organization\"},\"potentialAction\":[{\"@type\":\"SearchAction\",\"target\":{\"@type\":\"EntryPoint\",\"urlTemplate\":\"https:\/\/drevomall.cz\/?s={search_term_string}\"},\"query-input\":{\"@type\":\"PropertyValueSpecification\",\"valueRequired\":true,\"valueName\":\"search_term_string\"}}],\"inLanguage\":\"sk-SK\"},{\"@type\":\"Organization\",\"@id\":\"https:\/\/drevomall.cz\/#organization\",\"name\":\"DREVOMALL\",\"url\":\"https:\/\/drevomall.cz\/\",\"logo\":{\"@type\":\"ImageObject\",\"inLanguage\":\"sk-SK\",\"@id\":\"https:\/\/drevomall.cz\/#\/schema\/logo\/image\/\",\"url\":\"https:\/\/drevomall.cz\/wp-content\/uploads\/2023\/10\/cropped-cropped-drevomall-logo-bez-pozadia.png\",\"contentUrl\":\"https:\/\/drevomall.cz\/wp-content\/uploads\/2023\/10\/cropped-cropped-drevomall-logo-bez-pozadia.png\",\"width\":512,\"height\":512,\"caption\":\"DREVOMALL\"},\"image\":{\"@id\":\"https:\/\/drevomall.cz\/#\/schema\/logo\/image\/\"}}]}<\/script>\n<!-- \/ Yoast SEO plugin. -->","yoast_head_json":{"title":"Kontakt - DREVOMALL.CZ","robots":{"index":"index","follow":"follow","max-snippet":"max-snippet:-1","max-image-preview":"max-image-preview:large","max-video-preview":"max-video-preview:-1"},"canonical":"https:\/\/drevomall.cz\/?page_id=48","og_locale":"sk_SK","og_type":"article","og_title":"Kontakt - DREVOMALL.CZ","og_description":"Adresa skladu: CZ-756 54 Zub\u0159\u00ed, Randusky (b\u00fdval\u00e1 dr\u016fbe\u017e\u00e1rna) Telefonick\u00fd kontakt: +420 604 637 584 E-mail: info@drevomall.cz","og_url":"https:\/\/drevomall.cz\/?page_id=48","og_site_name":"DREVOMALL.CZ","article_modified_time":"2024-02-23T08:16:00+00:00","og_image":[{"width":2560,"height":768,"url":"https:\/\/drevomall.cz\/wp-content\/uploads\/2023\/10\/kontakt-do-hlavicky-scaled.jpg","type":"image\/jpeg"}],"twitter_card":"summary_large_image","schema":{"@context":"https:\/\/schema.org","@graph":[{"@type":"WebPage","@id":"https:\/\/drevomall.cz\/?page_id=48","url":"https:\/\/drevomall.cz\/?page_id=48","name":"Kontakt - DREVOMALL.CZ","isPartOf":{"@id":"https:\/\/drevomall.cz\/#website"},"primaryImageOfPage":{"@id":"https:\/\/drevomall.cz\/?page_id=48#primaryimage"},"image":{"@id":"https:\/\/drevomall.cz\/?page_id=48#primaryimage"},"thumbnailUrl":"http:\/\/drevomall.cz\/wp-content\/uploads\/2023\/10\/kontakt-do-hlavicky-scaled.jpg","datePublished":"2023-10-25T12:01:52+00:00","dateModified":"2024-02-23T08:16:00+00:00","breadcrumb":{"@id":"https:\/\/drevomall.cz\/?page_id=48#breadcrumb"},"inLanguage":"sk-SK","potentialAction":[{"@type":"ReadAction","target":["https:\/\/drevomall.cz\/?page_id=48"]}]},{"@type":"ImageObject","inLanguage":"sk-SK","@id":"https:\/\/drevomall.cz\/?page_id=48#primaryimage","url":"http:\/\/drevomall.cz\/wp-content\/uploads\/2023\/10\/kontakt-do-hlavicky-scaled.jpg","contentUrl":"http:\/\/drevomall.cz\/wp-content\/uploads\/2023\/10\/kontakt-do-hlavicky-scaled.jpg","width":2560,"height":768},{"@type":"BreadcrumbList","@id":"https:\/\/drevomall.cz\/?page_id=48#breadcrumb","itemListElement":[{"@type":"ListItem","position":1,"name":"Domovsk\u00e1 str\u00e1nka","item":"https:\/\/drevomall.cz\/"},{"@type":"ListItem","position":2,"name":"Kontakt"}]},{"@type":"WebSite","@id":"https:\/\/drevomall.cz\/#website","url":"https:\/\/drevomall.cz\/","name":"DREVOMALL.CZ","description":"Teplo domova ...","publisher":{"@id":"https:\/\/drevomall.cz\/#organization"},"potentialAction":[{"@type":"SearchAction","target":{"@type":"EntryPoint","urlTemplate":"https:\/\/drevomall.cz\/?s={search_term_string}"},"query-input":{"@type":"PropertyValueSpecification","valueRequired":true,"valueName":"search_term_string"}}],"inLanguage":"sk-SK"},{"@type":"Organization","@id":"https:\/\/drevomall.cz\/#organization","name":"DREVOMALL","url":"https:\/\/drevomall.cz\/","logo":{"@type":"ImageObject","inLanguage":"sk-SK","@id":"https:\/\/drevomall.cz\/#\/schema\/logo\/image\/","url":"https:\/\/drevomall.cz\/wp-content\/uploads\/2023\/10\/cropped-cropped-drevomall-logo-bez-pozadia.png","contentUrl":"https:\/\/drevomall.cz\/wp-content\/uploads\/2023\/10\/cropped-cropped-drevomall-logo-bez-pozadia.png","width":512,"height":512,"caption":"DREVOMALL"},"image":{"@id":"https:\/\/drevomall.cz\/#\/schema\/logo\/image\/"}}]}},"_links":{"self":[{"href":"http:\/\/drevomall.cz\/index.php?rest_route=\/wp\/v2\/pages\/48"}],"collection":[{"href":"http:\/\/drevomall.cz\/index.php?rest_route=\/wp\/v2\/pages"}],"about":[{"href":"http:\/\/drevomall.cz\/index.php?rest_route=\/wp\/v2\/types\/page"}],"author":[{"embeddable":true,"href":"http:\/\/drevomall.cz\/index.php?rest_route=\/wp\/v2\/users\/1"}],"replies":[{"embeddable":true,"href":"http:\/\/drevomall.cz\/index.php?rest_route=%2Fwp%2Fv2%2Fcomments&post=48"}],"version-history":[{"count":6,"href":"http:\/\/drevomall.cz\/index.php?rest_route=\/wp\/v2\/pages\/48\/revisions"}],"predecessor-version":[{"id":346,"href":"http:\/\/drevomall.cz\/index.php?rest_route=\/wp\/v2\/pages\/48\/revisions\/346"}],"wp:featuredmedia":[{"embeddable":true,"href":"http:\/\/drevomall.cz\/index.php?rest_route=\/wp\/v2\/media\/175"}],"wp:attachment":[{"href":"http:\/\/drevomall.cz\/index.php?rest_route=%2Fwp%2Fv2%2Fmedia&parent=48"}],"curies":[{"name":"wp","href":"https:\/\/api.w.org\/{rel}","templated":true}]}}